git of u/(-14) + 4/14?
1
Suppose 4*q - 558 = -2*l + l, -280 = -2*q - l. Let f = q - 28. What is the units digit of f?
1
What is the units digit of (-6 - (-3835)/10)*(-4)/(-5)?
2
Let s = 102 + -153. Let y = -91 - s. Let z = 16 - y. What is the tens digit of z?
5
Let g be ((-5)/7 + 1)*119. Let j = g + -29. Suppose -q + 3*o = 2*o - 31, 4*q - 133 = -j*o. What is the tens digit of q?
3
What is the hundreds digit of 88053/30 - 37/370?
9
Let s(i) = -5*i - 14. Let q be s(-6). Let r = -10 + q. Suppose 22 = -r*d + 8*d. What is the units digit of d?
1
Let g = 3070 + -1515. What is the thousands digit of g?
1
Suppose 2*k + 3*k = -4*w, 0 = -3*w + 4*k. Suppose -5*x - 3 + 13 = w. Suppose -4*c + 14 = -x. What is the units digit of c?
4
Let n be (10/4)/(90/216). What is the tens digit of 1/(n/1310) - (-10)/(-30)?
1
What is the tens digit of 15*(0 + (-1393)/(-21))?
9
What is the thousands digit of 1 - (-1 - -9) - -3150?
3
Let b = -8 + 20. Let x = b - 10. Suppose 0 = 3*d + 5*z - 120, 0*d - 4*z + 78 = x*d. What is the tens digit of d?
4
Suppose -4*p + 16 = -4*j, 0*p + 4*p - 23 = -3*j. Let r = p - -58. What is the units digit of r?
3
Suppose -3*s - 1346 = -d, 2*s = -8*d + 10*d - 2708. What is the hundreds digit of d?
3
Let a(j) = 2*j**2 - j + 3. Let r be a(2). Let q = r + -4. Suppose 12 = g - q. What is the units digit of g?
7
Let w be -27*(50/15)/(-5). Let r be w/(-63) - 86/(-7). Let a = r + -11. What is the units digit of a?
1
Let m be ((-10)/(-1) - -1) + (-3 - -6). Let i(h) = h**2 - 13*h + 13. What is the units digit of i(m)?
7
Suppose 0 = -8*a + 1056 + 864. What is the units digit of a?
0
Suppose -4*z = g + 12, g = -3*g + 5*z - 27. Let c be 1/4 - 2278/g. Suppose -55 = 5*v - c. What is the units digit of v?
6
Let x(k) = -k**3 - 3*k**2 + 4*k + 47. Let v(b) = 3*b**3 + 8*b**2 - 11*b - 141. Let q(m) = -4*v(m) - 11*x(m). What is the units digit of q(0)?
7
Suppose 26*x - 4856 = 7598. What is the tens digit of x?
7
Let s = 1592 - 785. What is the tens digit of s?
0
Let h = 78 - 73. Suppose 945 - h = 10*y. What is the tens digit of y?
9
Let m(n) = n**3 + 7*n**2 + 2*n - 4. Let d be m(-6). Suppose -31*k + 2585 = -d*k. What is the hundreds digit of k?
2
Let u = 424 + -208. What is the tens digit of u?
1
Suppose f - 9 = -2*f. Let z be 5 + (-2)/(-2) - f. Suppose -z*a - 16 = -4*b, -a + 4 = -4*b - 3*a. What is the units digit of b?
1
Let r = -100 - -28. Let c = -39 - r. What is the tens digit of c?
3
Let x(z) = -z**3 + 11*z**2 + 12*z. Let d be (6/7)/(4/56). Let k be x(d). Let h(j) = -j**3 - j**2 + 3. What is the units digit of h(k)?
3
Suppose -2*c = -4*x - 3*c - 3, -28 = 4*x - 4*c. Suppose 4*k = -5*d - 188, 2*d + 2*d = 3*k + 141. Let g = x - k. What is the tens digit of g?
4
Suppose 3*k = 2*g + 1001, -2*k - 6*g + 680 = -g. What is the tens digit of k?
3
Suppose 3*h = 8*h - 15. Suppose 6*v - 9 = h*v. What is the units digit of (-7)/(-1) - (3 - v)?
7
Let y(f) = 6*f**2 + 25*f + 133. What is the tens digit of y(-11)?
8
Suppose -h - 3*h - 5*d - 65 = 0, h = -5*d - 35. Let r = 183 + h. What is the hundreds digit of r?
1
Let j(h) be the first derivative of -h**2 + 22*h - 4. Suppose 22 = -2*r - c, -56 + 4 = 4*r + 4*c. What is the units digit of j(r)?
0
Let t(c) = -4*c**2 + 11*c - 3. Let b be t(8). Let o = -82 - b. What is the tens digit of o?
8
Let j(y) = -35*y - 22. Let v(w) = 17*w + 11. Let p(i) = 4*j(i) + 7*v(i). What is the tens digit of p(-6)?
1
Suppose 57*i - 693 = 36*i. What is the tens digit of i?
3
Let q(a) = a**2 + 7*a - 2. Let c be q(-4). Let h = c + 17. Suppose -3*u = -h*w + 43 + 50, -w - 4*u + 36 = 0. What is the tens digit of w?
3
Let v(x) = x + 14. Let i be v(-9). Suppose f - 33 = i. What is the tens digit of f?
3
Let k = -3 + 1. What is the units digit of (-30)/((-25)/10 - k)?
0
Suppose -4 = -3*p + 2*p. Suppose -p*r + 275 = -3*r. What is the units digit of r?
5
Let f(b) = 678*b**3 + 3*b**2 + 6*b - 3. What is the units digit of f(2)?
5
Let a(f) = -5*f - 13. Let z be a(16). Let d = 201 + z. What is the units digit of d?
8
Let p(b) = -17*b + 10. Let w be (-21 - -11) + 3/(3/4). What is the hundreds digit of p(w)?
1
Suppose 0 = 4*d - 3*d - 2. Suppose -3*q = 4*l - d*q - 8, -q - 16 = -4*l. What is the units digit of 2*8 - (-1 - l)?
0
Let v = 23 + -11. Suppose -4*n = 5*w - 0*w - 490, 3*w - 294 = n. Suppose -2*p = -w + v. What is the units digit of p?
3
Suppose -9*t + 10*t - 30 = 0. What is the units digit of (-164)/(-7)*105/t?
2
What is the hundreds digit of 5040/7 - (2 + 4 + 1)?
7
Suppose 3 = f - u + 4*u, 2*f + 3*u = -6. Suppose 2*c + 62 = 2*t, 2*c + 60 = -t - 17. Let d = f - c. What is the tens digit of d?
2
Let h = 169 + -93. Let a = h + -10. What is the tens digit of a?
6
Suppose 3*i - 76 - 5 = 0. Suppose i + 21 = 2*u. What is the tens digit of u?
2
Let x(y) = 8*y + 6. Let t be (6 - 7)/((-2)/16). What is the tens digit of x(t)?
7
Suppose -2007 = -9*x + 6390. What is the tens digit of x?
3
Let q be (-5)/(25/1110) + (3 - 4). Let l = 526 + q. What is the units digit of l?
3
Suppose c = -c - 12. Let a(n) = n**2 + 6*n + 2. Let v be a(c). Suppose 0 = -v*t - 0 + 24. What is the units digit of t?
2
Suppose 2 + 4 = -2*k + 4*z, -z + 18 = 5*k. Suppose 0 = -3*m - k*j + 276, 3*m - 3*j = 56 + 250. What is the units digit of m?
7
Let u(x) = -8*x**3 + 2*x**2 + 1. Suppose 0 = -4*w + 4*i - 24, 5*i = -3*w + 11 + 3. Let m be u(w). Let z = m + -37. What is the units digit of z?
6
Let l(o) = 23*o + 123. What is the units digit of l(22)?
9
Let j = 21 + -19. Suppose 73 = j*a + 13. What is the units digit of a?
0
Let c(o) = -o**3 + o**2 - 3*o. Let h be c(0). What is the units digit of (-4 + h)*105/(-6)?
0
Suppose -3*u - 5*h = -13, 5*h + 16 = 2*u + h. Suppose -u*q + 148 = -260. What is the units digit of q?
8
Let p(x) = x**3 - 17*x**2 + 19*x + 1. Let g be p(16). Suppose 4*f - 16 - 55 = -5*q, g = 3*q - 4*f. What is the units digit of q?
5
Suppose 11*s - 7*s = 20. Suppose -24 = 4*o + h, 2*h = -3 - s. Let j(l) = l**3 + 6*l**2 + 2*l - 7. What is the units digit of j(o)?
8
Let o = 31 + -40. Let g = 11 - o. What is the tens digit of g?
2
Let r(g) = -g**2 - 4*g + 12. Let w be r(-6). Let m(j) = j**2 + 6*j + 92. What is the units digit of m(w)?
2
Suppose -5*k = -3*s - 151, -k - 2*k + 2*s = -90. Suppose -3*j - 8 = -k. Let y = j - 5. What is the units digit of y?
3
Suppose 4*y + 201 = 4*d - 375, 3*y + 9 = 0. Let r = 285 - d. Suppose -5*a = -2*m - r, -3*a - 2*m - 2 + 98 = 0. What is the tens digit of a?
3
Let s = -443 - -926. What is the tens digit of s?
8
Let m = 11 - 23. Let s be 6 - 184*8/16. Let g = m - s. What is the tens digit of g?
7
What is the hundreds digit of 834*11*(-11)/(-121)?
8
Let i(n) = n**2 - 6*n + 1. What is the units digit of i(17)?
8
Suppose 57*f - 3272 = 53*f. What is the hundreds digit of f?
8
Let u = 1715 + -850. What is the units digit of u?
5
Suppose 34*o - 7928 = 27976. What is the hundreds digit of o?
0
Let j(q) = 25*q + 296. What is the units digit of j(8)?
6
Let o = 70 + -70. What is the units digit of o - -82 - 2/(-6)*0?
2
Let f = 5936 + -2343. What is the thousands digit of f?
3
Suppose -5*a + 9 = -1. Suppose 435 = a*m - 7*m. Let c = -32 - m. What is the tens digit of c?
5
What is the tens digit of (1816/6)/((-4)/(-48)*8)?
5
Suppose -4*c - 75 = -9*c. Suppose -6 - c = -4*q - 3*x, -3*q - 5*x = -24. Suppose 8*n - q*n - 140 = 0. What is the tens digit of n?
2
What is the tens digit of ((-2404)/(-12) - -6)/(1/3)?
1
Suppose -2*z = -d - 8, -4*d + 2*z - 9 = 17. Let w be ((-7)/6 + 0)*d. What is the tens digit of w/42 - 178/(-12)?
1
Let v = 11 - -55. Suppose -2*t + v = -172. What is the units digit of t?
9
Suppose -5 = -x + q, -x = 2*q - 1 - 1. Suppose x*t = 0, t = 4*p + 5*t - 412. Let o = p - 71. What is the tens digit of o?
3
Suppose -4 = 4*s, 5*i - 2*i - 1498 = s. What is the units digit of i?
9
Suppose 0 = -2491*o + 2489*o + 4876. What is the units digit of o?
8
Suppose 436 = -14*k + 3264. What is the tens digit of k?
0
Let r be 1655*1/3 - (-2)/6. Suppose -r = -5*x - x. What is the units digit of x?
2
Let o(z) = z**2 - 14*z + 25. Let x be o(11). What is the units digit of (-138)/x*152/57?
6
Let i = -4 - -8. Suppose h = 3*c + 6*h - 164, i*c - 3*h = 180. What is the tens digit of c?
4
Let h = 2905 - 1265. What is the hundreds digit of h?
6
Let k be 1/2 - -295*(-4)/(-8). Suppose n -